w - 2*r + 20. Let l(q) = q**2 - 7*q. Determine l(w).
-10
Let o be (-8)/4*-1 + 0. Let a(i) = -i**2 + 3*i - 1. Give a(o).
1
Let f(m) = -5 - 7 - m - 3 + 4. Determine f(-5).
-6
Let b(n) = 2*n**2 - 2*n - 1. Let y = 4 + -5. Calculate b(y).
3
Let i(o) = o**2 - 6*o + 7. Let w be 2 - -7 - (7 + -3). Calculate i(w).
2
Let j(h) = 3*h - h**2 + 0*h - 2*h. Let r = -105 + 108. What is j(r)?
-6
Let m(w) = 2*w**2 - w - 8. Let s(j) = 2*j**2 - 7. Let q(r) = 3*m(r) - 4*s(r). Calculate q(-3).
-5
Let k be (-1 + 1)/2 - -2. Let b = 5 - k. Suppose 12 = b*z + 3. Let s(x) = 2*x - 1. Calculate s(z).
5
Let t(j) = 2*j**3 + j**2. Let p be t(-1). Let d(i) = -i**2 + 10*i - 7. Let c(n) = n**2 - 6*n + 4. Let q(v) = 5*c(v) + 3*d(v). Calculate q(p).
1
Suppose 4*u - p - 77 = -6*p, 0 = -2*u + 5*p + 31. Let j be u/(-1)*(-3)/9. Let a(c) = -c**3 + 5*c**2 + 7*c - 8. Calculate a(j).
-2
Let o = -32 - -36. Let f(y) = -2*y + 5. Give f(o).
-3
Suppose 0 = 3*y - 2*y - 1. Let k be 3/6*(y + 3). Let j(n) = -2*n**2 + 2*n + 1. Calculate j(k).
-3
Let h(i) = -i**3 - 4*i**2 + 6*i + 4. Let b be 6/(-9) - (-58)/6. Let w be ((-18)/12)/((-1)/36). Let t be (-2)/b + (-258)/w. Give h(t).
-1
Let l(w) be the second derivative of -w**4/12 - 2*w**3/3 - w**2 + 21*w. Suppose -2*x - 16 = -0*x. Let m = x - -3. Determine l(m).
-7
Let f(i) be the second derivative of i**4/12 - i**3/3 + 2*i**2 - 15*i. Determine f(4).
12
Let t(r) be the third derivative of r**5/60 + 5*r**4/24 - 4*r**3/3 - 6*r**2. Calculate t(-6).
-2
Let f(k) be the second derivative of -k + 0 - 1/6*k**3 - 1/2*k**2. What is f(-3)?
2
Let v be 0/1*(-2)/(-2). Suppose -4*y + 7*y - 18 = 0. Let i(s) = s**2 - s + 6. Let r(a) = a**2 - a + 7. Let o(d) = y*r(d) - 7*i(d). Give o(v).
0
Let y = -21 + 25. Let m(t) = -3*t + 2. Determine m(y).
-10
Let l(a) = -a**2. Let t(m) = -m**3 - 2*m**2 + 5*m + 4. Let x be t(-3). Let p be (3 - 1) + (-4 - x). Determine l(p).
0
Let i = -6 - -10. Let p(t) = 0 - t**3 - 6 - 6*t**2 + 3 - i*t. Let l(a) = a**2 - 5*a - 5. Let q be l(5). Give p(q).
-8
Let p(r) be the second derivative of -r**3/2 - 2*r. Let b be 12/21 + (-90)/(-63). Determine p(b).
-6
Let z(s) = -2*s**2 + 4*s - 1. Let w be (-1 + 4*2)*2. Let d = 6 - w. Let a = d - -11. What is z(a)?
-7
Let h(k) = k**3 + k**2 - k - 1. Let i be h(-1). Let p be 1 + 1 + i + 0. Let j(l) = 8*l + 4*l**p - 4*l**2 + l**2 + 9. Give j(-6).
-3
Let s(b) = -6*b**3 - b. Suppose 21 = 2*y - 13. Let u = 16 - y. What is s(u)?
7
Suppose -5*c - 3*v + 36 = 0, -4*c - v - 8 = -34. Let z(d) = -1 + 0 - c*d + 7. Determine z(4).
-18
Let h = 11 + -7. Let f(s) = -7*s - 3 + 4*s**2 - s**3 - s**3 - 3*s**3. Let d(u) = 9*u**3 - 8*u**2 + 13*u + 5. Let j(x) = h*d(x) + 7*f(x). What is j(3)?
-1
Let w(r) = r**2 + 3*r - 14. Let m be w(3). Let p(a) = a**2 - a - 5. Determine p(m).
7
Let d(r) = -4*r**3 - 8*r**2 - 8*r + 6. Let s(c) = 5*c**3 + 9*c**2 + 9*c - 6. Let b(p) = 6*d(p) + 5*s(p). Determine b(4).
10
Let s(x) = -94*x**2 + 3*x - 3*x**3 - x**3 + 3*x**3 - 3 + 90*x**2. Give s(-5).
7
Let d(z) = -z - 8. Let g be d(-6). Let i(c) be the third derivative of c**5/60 + c**4/12 + c**3/2 - 7*c**2. Give i(g).
3
Suppose -9 = s - 5*p + 3, s + 12 = 4*p. Let g = s - -8. Let v(w) = -3*w - 3. Calculate v(g).
9
Let m(f) = f**2 + 1. Let w(u) be the second derivative of -u**4/4 - u**2 + 4*u. Let y(z) = 4*m(z) + w(z). Calculate y(-2).
6
Suppose -3*o - 4*y - 27 = 0, 2*o + 5*y + 16 = -2. Let k(i) = -i**2 - 9*i + 4. Determine k(o).
4
Let x(h) = -h + 4. Let t = 10 + -6. Suppose -m - 11 = -5*p, -t*m = -p - 2*m - 5. Give x(p).
1
Let m = 3 - 3. Let z(h) be the first derivative of 7*h - 1/2*h**2 + 1/3*h**3 - 1. What is z(m)?
7
Let y be (1/(-3))/((-2)/18). Let f(w) = 2*w + 2 - 3*w + 1 + y. Suppose 2*d + 4*p + p = 35, d - 20 = -3*p. Give f(d).
1
Suppose 7*t - 2*t + 20 = 0. Let u(s) = s**3 + 5*s**2 + 5*s + 2. Give u(t).
-2
Suppose -2*y - 2*t = -14, 5*y - 2*y - t = 5. Let g(i) = 2*i + 4*i - 3*i - 4*i. What is g(y)?
-3
Let d(c) be the third derivative of c**6/120 - c**5/15 + c**4/12 - c**3/2 + 8*c**2. Let f(z) = z**2 - 5*z + 3. Let n be f(5). Determine d(n).
-6
Let a(j) be the third derivative of -j**9/60480 + j**8/3360 - j**7/2520 + j**6/90 - j**5/60 - 3*j**2. Let c(g) be the third derivative of a(g). Give c(6).
-4
Suppose 5 = -5*q + 25. Let w(g) be the third derivative of -g**4/24 + g**3/2 - g**2. Give w(q).
-1
Let x(w) = 0 - 1 + w + 0. Let d be x(4). Let p be (-10)/4 + d/(-6). Let h(t) = 2*t**2 + 4*t + 1. What is h(p)?
7
Let h(x) = 2*x - 5. Suppose -m + 0*m - 2*k + 2 = 0, -12 = 3*m - 3*k. Let v be m/(-9) + 102/27. What is h(v)?
3
Let f(a) = a. Let u(g) = 6*g**2 + 4*g - 1. Let r(m) = 5*f(m) - u(m). Give r(-1).
-6
Let n(s) = 78*s**2 - 172*s**2 + 88*s**2 + s**3 + 6. What is n(5)?
-19
Let t(x) = -2*x - 5. Let g be t(-5). Suppose 4*v - 4 = g*v. Let u(n) = 2*n - 1. Let r(p) = -p + 2. Let s(b) = -4*r(b) - 3*u(b). What is s(v)?
3
Let w(j) = -j + 7. Let b = -5 - -3. Let d = b - -4. Let z be 1/d - 5/10. Give w(z).
7
Suppose 2*g - 7 = 3. Let b(v) = g*v**2 + 1 - 1 - 4*v - v**3 + 0*v. Let j be 3/(-4) + (-95)/(-20). Calculate b(j).
0
Let j be 1 - (0 - (-2 + 4)). Let b(d) = 0*d**3 + 6*d**2 - 6 + 2*d**j - 3*d + 7*d - d**3. Calculate b(-5).
-1
Let m(z) be the first derivative of -z**5/120 - z**4/8 + 5*z**3/3 + 4. Let r(n) be the third derivative of m(n). Determine r(0).
-3
Let o be 33/(-27) - (-2)/9. Let t be (-1)/(o*(-3)/(-18)). Let c(d) be the second derivative of -d**4/12 + d**3 + d**2/2 - 2*d. What is c(t)?
1
Let l(o) = 2*o - 2. Let h(p) = 4*p - 5. Let q(c) = 2*h(c) - 5*l(c). Let a(y) = 3*y. Let n be a(1). Determine q(n).
-6
Suppose -g + 2 = -5*h - 2, 0 = 4*h - 4*g. Let y be -5 + 6 + (h - 2). Let v(p) = -2*p**3 - 4*p**2 - 4*p - 3. Calculate v(y).
5
Let f(z) = -7*z**2 + z. Let g be -4 + -2 + 3 + 2. What is f(g)?
-8
Let p(n) = n. Let h be (2/(-3))/(8/36). Give p(h).
-3
Let z(j) = 0*j + 3 - 3*j + j. Give z(4).
-5
Let j(z) be the third derivative of -z**6/120 - z**5/10 - z**3/2 + 7*z**2. What is j(-6)?
-3
Let m(n) = -n**3 - 6*n**2 - 4*n + 3. Suppose 17*t = 12*t - 50. Let b = -14 - t. Calculate m(b).
-13
Let t(f) = 6 + 3*f**2 - f**3 - 7*f**2 + 8*f**2 - 5*f. Determine t(4).
-14
Let u(w) = w**3 - 5*w**2 + 6*w. Let h be u(4). Let f(n) = n**2 - 7*n - 11. Determine f(h).
-3
Let f(g) be the second derivative of g**3/6 + g**2 - 5*g. What is f(0)?
2
Suppose 6*c = c + 15. Let s(n) = -3*n**c - 8*n**3 - 2*n**3 - 7*n + 14*n**3 + 6*n**2. What is s(-7)?
0
Let b(t) = 1. Let u(q) = q**2 + 6*q + 11. Let c(d) = -5*b(d) + u(d). Let o(a) = -a - 2. Let s = 5 + -3. Let w be o(s). What is c(w)?
-2
Let f(v) = -v**2 + 5. Let w be f(0). Suppose -w*y + 7*y = -6. Let n(c) = -c**3 - 2*c**2 + 2*c - 4. Give n(y).
-1
Let p(i) be the third derivative of i**5/60 + i**4/6 + 2*i**3/3 - 6*i**2. Calculate p(-6).
16
Let i(v) = v**3 + v**2 - v + 2. Let n be i(0). Suppose -4*u = -k - n, 5*u - k + 4*k = 11. Let l(q) = 3*q + 1. What is l(u)?
4
Let p(i) = i**3 + 4*i**2 - 6*i - 4. Let y = -51 - -46. Calculate p(y).
1
Let d(a) = -3*a - 9. Suppose 28 - 4 = -4*f. Give d(f).
9
Let s(h) = 27*h - 27*h - 6*h**2 - h**3 + 7. Suppose 5*m = -1 - 9, 4*f = 5*m - 14. What is s(f)?
7
Let a(r) = r**3 - 9*r**2 + 2*r - 6. Let x be a(9). Let c be (-74)/(-14) - x/42. Let b(w) = w - 2. Calculate b(c).
3
Let x be 1 - (0 - -1)*-3. Let f(k) be the third derivative of -1/60*k**5 - 1/3*k**3 + k**2 + 1/6*k**x + 0 + 0*k. Give f(4).
-2
Let o(i) be the third derivative of -i**5/120 - i**4/12 + i**3/6 - 4*i**2. Let l(c) be the first derivative of o(c). Give l(4).
-6
Let m(h) be the third derivative of -h**5/60 + h**4/24 + h**3/6 + 3*h**2. Determine m(3).
-5
Let f(u) = 2*u**2 + 7*u + 6. Suppose -4*l = -2*m - 24, 7*l - 6*l + 4 = -2*m. Calculate f(m).
10
Let l(c) = c**2 - 15*c. Let j be l(15). Suppose j = u + 6 - 0. Let q(b) = b**2 + 4*b - 2. What is q(u)?
10
Let k(a) = 2*a - 3. Let w be k(3). Let t = -127 - -131. Let x(j) = t - 4 + j - w. Give x(3).
0
Let n(c) = 3*c**3 - c**2 + c - 2. Let j(b) = -16*b**3 + 6*b**2 - 5*b + 9. Let o(u) = -2*j(u) - 11*n(u). Suppose 0 = 2*t - 0*t. Determine o(t).
4
Let x(w) = w - 1. Let m be (-74)/(-2) - (3 - 1). Suppose -2*v = 3*v - m. Give x(v).
6
Suppose -2*v + v = -6. Let y(k) be the second derivative of -k**3/6 + 5*k**2/2 - 33*k. What is y(v)?
-1
Let f be (1 - 3) + 3 + -2. Let k(r) = -r**2 - r - 1. Let p be k(f). Let t(o) 